 the thousands digit of 22488?
2
What is the tens digit of 8779?
7
What is the ten thousands digit of 15838?
1
What is the thousands digit of 24929?
4
What is the hundred thousands digit of 166426?
1
What is the hundreds digit of 32130?
1
What is the units digit of 75?
5
What is the ten thousands digit of 44635?
4
What is the units digit of 1998?
8
What is the units digit of 4297?
7
What is the thousands digit of 9042?
9
What is the tens digit of 49307?
0
What is the units digit of 2469?
9
What is the tens digit of 32251?
5
What is the units digit of 649?
9
What is the tens digit of 96940?
4
What is the thousands digit of 1872?
1
What is the units digit of 57?
7
What is the hundreds digit of 107099?
0
What is the ten thousands digit of 41103?
4
What is the hundreds digit of 2219?
2
What is the tens digit of 2863?
6
What is the tens digit of 3454?
5
What is the ten thousands digit of 43081?
4
What is the thousands digit of 7039?
7
What is the tens digit of 852?
5
What is the hundreds digit of 763?
7
What is the tens digit of 3789?
8
What is the hundreds digit of 53691?
6
What is the units digit of 77705?
5
What is the tens digit of 4348?
4
What is the tens digit of 1314?
1
What is the thousands digit of 4511?
4
What is the hundreds digit of 990?
9
What is the units digit of 1655?
5
What is the tens digit of 5115?
1
What is the tens digit of 18059?
5
What is the tens digit of 2938?
3
What is the ten thousands digit of 51150?
5
What is the hundreds digit of 7282?
2
What is the hundreds digit of 65387?
3
What is the hundreds digit of 459?
4
What is the tens digit of 572?
7
What is the hundreds digit of 18654?
6
What is the thousands digit of 12842?
2
What is the ten thousands digit of 16632?
1
What is the ten thousands digit of 12519?
1
What is the units digit of 296?
6
What is the ten thousands digit of 33113?
3
What is the tens digit of 58385?
8
What is the tens digit of 214?
1
What is the ten thousands digit of 10723?
1
What is the thousands digit of 1355?
1
What is the units digit of 13748?
8
What is the ten thousands digit of 13596?
1
What is the tens digit of 28752?
5
What is the thousands digit of 3719?
3
What is the tens digit of 1824?
2
What is the tens digit of 10839?
3
What is the hundreds digit of 1772?
7
What is the units digit of 5096?
6
What is the hundreds digit of 561?
5
What is the tens digit of 2418?
1
What is the hundreds digit of 281?
2
What is the units digit of 2880?
0
What is the ten thousands digit of 11769?
1
What is the units digit of 77226?
6
What is the tens digit of 37379?
7
What is the ten thousands digit of 12727?
1
What is the tens digit of 148?
4
What is the units digit of 17947?
7
What is the hundreds digit of 318?
3
What is the units digit of 416?
6
What is the thousands digit of 11586?
1
What is the units digit of 2083?
3
What is the ten thousands digit of 19272?
1
What is the units digit of 19704?
4
What is the units digit of 1435?
5
What is the ten thousands digit of 12684?
1
What is the thousands digit of 38760?
8
What is the tens digit of 47373?
7
What is the tens digit of 6312?
1
What is the units digit of 3955?
5
What is the units digit of 5962?
2
What is the units digit of 7913?
3
What is the thousands digit of 1724?
1
What is the ten thousands digit of 19975?
1
What is the hundreds digit of 44080?
0
What is the hundreds digit of 3538?
5
What is the hundreds digit of 285?
2
What is the hundreds digit of 30965?
9
What is the tens digit of 1513?
1
What is the hundreds digit of 2443?
4
What is the units digit of 5850?
0
What is the units digit of 12983?
3
What is the tens digit of 1260?
6
What is the hundreds digit of 10556?
5
What is the hundreds digit of 2426?
4
What is the thousands digit of 3802?
3
What is the thousands digit of 2746?
2
What is the tens digit of 2569?
6
What is the tens digit of 14?
1
What is the ten thousands digit of 15375?
1
What is the hundreds digit of 488?
4
What is the hundreds digit of 429?
4
What is the hundreds digit of 597?
5
What is the tens digit of 21?
2
What is the ten thousands digit of 15294?
1
What is the thousands digit of 12775?
2
What is the tens digit of 65246?
4
What is the thousands digit of 3019?
3
What is the units digit of 86211?
1
What is the thousands digit of 1572?
1
What is the tens digit of 2195?
9
What is the hundreds digit of 995?
9
What is the units digit of 12?
2
What is the units digit of 495?
5
What is the hundreds digit of 789?
7
What is the hundreds digit of 6777?
7
What is the units digit of 20743?
3
What is the hundreds digit of 18934?
9
What is the thousands digit of 8864?
8
What is the tens digit of 19807?
0
What is the hundreds digit of 3577?
5
What is the ten thousands digit of 43631?
4
What is the ten thousands digit of 98610?
9
What is the units digit of 810?
0
What is the tens digit of 4879?
7
What is the units digit of 18061?
1
What is the hundreds digit of 163960?
9
What is the tens digit of 3489?
8
What is the tens digit of 10795?
9
What is the hundreds digit of 11837?
8
What is the units digit of 992?
2
What is the units digit of 678?
8
What is the tens digit of 256?
5
What is the tens digit of 9169?
6
What is the units digit of 654?
4
What is the ten thousands digit of 63716?
6
What is the units digit of 144558?
8
What is the ten thousands digit of 24046?
2
What is the units digit of 997?
7
What is the hundred thousands digit of 120821?
1
What is the units digit of 505?
5
What is the hundreds digit of 4864?
8
What is the tens digit of 16817?
1
What is the thousands digit of 61664?
1
What is the thousands digit of 6971?
6
What is the hundreds digit of 3991?
9
What is the hundreds digit of 476?
4
What is the tens digit of 369?
6
What is the units digit of 8404?
4
What is the thousands digit of 14079?
4
What is the tens digit of 1776?
7
What is the hundreds digit of 2995?
9
What is the tens digit of 15548?
4
What is the tens digit of 1961?
6
What is the hundreds digit of 23659?
6
What is the hundreds digit of 1135?
1
What is the tens digit of 14719?
1
What is the thousands digit of 31775?
1
What is the units digit of 17027?
7
What is the hundreds digit of 12611?
6
What is the hundreds digit of 1998?
9
What is the thousands digit of 14292?
4
What is the thousands digit of 25130?
5
What is the thousands digit of 10318?
0
What is the units digit of 680?
0
What is the tens digit of 1884?
8
What is the thousands digit of 19409?
9
What is the thousands digit of 2532?
2
What is the thousands digit of 30469?
0
What is the units digit of 1941?
1
What is the units digit of 2018?
8
What is the tens digit of 2392?
9
What is the units digit of 264?
4
What is the hundreds digit of 550?
5
What is the tens digit of 2799?
9
What is the units digit of 1116?
6
What is the tens digit of 3001?
0
What is the hundred thousands digit of 104342?
1
What is the tens digit of 3712?
1
What is the units digit of 4437?
7
What is the tens digit of 417?
1
What is the thousands digit of 93984?
3
What is the tens digit of 841?
4
What is the hundreds digit of 45792?
7
What is the ten thousands digit of 15982?
1
What is the tens digit of 50881?
8
What is the tens digit of 5641?
4
What is the hundreds digit of 233?
2
What is the tens digit of 3880?
8
What is the ten thousands digit of 15058?
1
What is the tens digit of 4852?
5
What is the tens digit of 1153?
5
What is the units digit of 524?
4
What is the hundreds digit of 100835?
8
What is the thousands digit of 15160?
5
What is the tens digit of 12009?
0
What is the tens digit of 815?
1
What is the ten thousands digit of 193093?
9
What is the hundreds digit of 224?
2
What is the tens digit of 2438?
3
What is the units digit of 19711?
1
What is the tens digit of 8069?
6
What is the hundreds digit of 8939?
9
What is the tens digit of 33?
3
What is the thousands digit of 11224?
1
What is the ten thousands digit of 167478?
6
What is the hundreds digit of 46483?
4
What is the units digit of 808?
8
What is the thousands digit of 137648?
7
What is the hundreds digit of 105309?
3
What is the tens digit of 6027?
2
What is the thousands digit of 8661?
8
What is the tens digit of 57?
5
What is the units digit of 1204?
4
What is the thousands digit of 1485?
1
What is the units digit of 1635?
5
What is the thousands digit of 4049